er?
True
Is 8820408263 prime?
False
Is 2282203333 composite?
True
Is 2137852579 composite?
False
Is 3898280405 a prime number?
False
Is 1025974585 a composite number?
True
Is 12057406261 prime?
True
Is 48247661261 a composite number?
True
Is 1599617741 a prime number?
True
Is 9317689231 a composite number?
False
Is 2429770897 composite?
False
Is 131569542051 composite?
True
Is 15511719053 a composite number?
True
Is 614492321 a prime number?
True
Is 618180807 a prime number?
False
Is 613777447 composite?
True
Is 721217527 a prime number?
True
Is 4895856143 prime?
False
Is 19308650129 prime?
True
Is 97589940601 a composite number?
False
Is 8627660441 a composite number?
True
Is 1449990083 a composite number?
False
Is 7131586769 a prime number?
True
Is 117671786431 a prime number?
True
Is 205309751 composite?
False
Is 557355011 a composite number?
False
Is 2923517167 prime?
True
Is 1161239369 composite?
False
Is 217020211 composite?
False
Is 465770993 a composite number?
False
Is 78837295 a composite number?
True
Is 15873973 a composite number?
False
Is 39155341573 composite?
True
Is 1543504541 a composite number?
False
Is 2538315001 a prime number?
False
Is 11423495117 a prime number?
False
Is 724301689 composite?
True
Is 102319303439 a prime number?
False
Is 320732509 composite?
False
Is 72516427 prime?
False
Is 307183336701 a composite number?
True
Is 1090756817 prime?
True
Is 5659153817 a composite number?
True
Is 50131081933 composite?
True
Is 29716586761 composite?
False
Is 148200260279 a composite number?
False
Is 38020553359 composite?
False
Is 223134173 composite?
False
Is 1127305939 a composite number?
False
Is 107728746917 a prime number?
False
Is 36179509037 a composite number?
True
Is 26104584133 a prime number?
True
Is 647372203 a prime number?
True
Is 123997639 a prime number?
True
Is 31641903785 a prime number?
False
Is 29429531 a composite number?
True
Is 517413703 a composite number?
False
Is 3518383039 composite?
False
Is 87105461 composite?
True
Is 3281881199 a prime number?
True
Is 3968840471 a prime number?
True
Is 1647123617 prime?
True
Is 48246288169 prime?
False
Is 25139235257 a prime number?
True
Is 832688477 a prime number?
False
Is 5498412281 a composite number?
False
Is 140887559 a composite number?
False
Is 14995782701 a prime number?
False
Is 2550493067 composite?
False
Is 1578964831 a prime number?
True
Is 142726478 a composite number?
True
Is 11138510189 prime?
True
Is 6191142889 composite?
True
Is 968784343 a composite number?
False
Is 96613833323 prime?
False
Is 1221399283 prime?
False
Is 26827499698 a prime number?
False
Is 1904062643 a prime number?
False
Is 2608753703 a composite number?
False
Is 1775888693 a composite number?
False
Is 40138827173 composite?
True
Is 671089013 a composite number?
True
Is 450668861 a prime number?
False
Is 574809863 composite?
False
Is 30002813081 a prime number?
False
Is 53631763 a prime number?
False
Is 2290817 a composite number?
False
Is 28504116413 composite?
False
Is 157841967233 prime?
True
Is 18920786583 composite?
True
Is 94399472689 a prime number?
True
Is 1394738039 a prime number?
False
Is 42662876941 prime?
True
Is 166976567 a prime number?
False
Is 18432587 composite?
True
Is 9500311441 composite?
False
Is 878741341 a composite number?
True
Is 463815013 a prime number?
True
Is 6062664187 a prime number?
True
Is 100271599 composite?
False
Is 24116358701 a prime number?
True
Is 1189701923 a composite number?
True
Is 56156565386 a prime number?
False
Is 128973625783 prime?
True
Is 4755211051 a prime number?
False
Is 2135878013 prime?
True
Is 456744837 a composite number?
True
Is 31171619 a prime number?
True
Is 11978476754 prime?
False
Is 732305323 a prime number?
False
Is 308666803 a prime number?
True
Is 1349209859 a composite number?
False
Is 26795916673 composite?
True
Is 147193201 composite?
False
Is 5457678797 a composite number?
True
Is 9694549061 prime?
False
Is 2212024379 a composite number?
True
Is 681646633 a composite number?
False
Is 16806680083 composite?
True
Is 51904778899 a composite number?
False
Is 1580100371 composite?
False
Is 10000587063 prime?
False
Is 4511160097 prime?
False
Is 84508087 prime?
True
Is 4583987171 prime?
True
Is 1580172691 a composite number?
False
Is 6132975019 composite?
True
Is 84536761 a prime number?
False
Is 9227721493 composite?
True
Is 8354595721 prime?
True
Is 107327064963 a composite number?
True
Is 5441707889 a composite number?
True
Is 86071291 prime?
False
Is 15765220153 a composite number?
True
Is 14182609541 prime?
False
Is 25064944097 a composite number?
False
Is 81212472683 a composite number?
True
Is 632386583 a prime number?
False
Is 34774195273 a prime number?
False
Is 6852796143 composite?
True
Is 17250586537 a composite number?
True
Is 231473057 a prime number?
True
Is 21262449163 composite?
False
Is 17081918611 a prime number?
True
Is 1049025499 a prime number?
False
Is 52651281 prime?
False
Is 828813593 a prime number?
False
Is 13145016155 a prime number?
False
Is 718030997 prime?
False
Is 47737411541 a composite number?
False
Is 232397959 a composite number?
True
Is 11260293713 composite?
True
Is 1789539533 composite?
True
Is 19130650601 a prime number?
True
Is 12330753553 composite?
False
Is 3081685577 a composite number?
True
Is 5037281231 a prime number?
True
Is 2800041359 composite?
False
Is 7714852087 a composite number?
True
Is 412610719 composite?
True
Is 68798762843 a composite number?
False
Is 44796940493 a prime number?
False
Is 27003719849 a composite number?
True
Is 254824151 composite?
True
Is 2606810651 a prime number?
False
Is 3775225901 composite?
False
Is 107112601489 a composite number?
True
Is 575937629 prime?
True
Is 20892413849 a composite number?
False
Is 4222081271 composite?
False
Is 7718193107 a prime number?
True
Is 25167171989 a composite number?
False
Is 459286985 prime?
False
Is 15737884609 a prime number?
True
Is 12807673441 a composite number?
True
Is 2328134903 a prime number?
True
Is 6897627929 prime?
True
Is 157478666861 prime?
True
Is 10299154037 prime?
False
Is 138492904321 prime?
True
Is 2469434281 composite?
False
Is 5235827911 composite?
False
Is 415533337 composite?
False
Is 9626592289 a composite number?
True
Is 6361665397 a composite number?
False
Is 243450799649 a composite number?
True
Is 581848031 prime?
True
Is 315194197 a prime number?
False
Is 375027827 composite?
False
Is 70454744567 a composite number?
True
Is 837549857 a composite number?
True
Is 10507296497 prime?
False
Is 1816157873 composite?
True
Is 8404869307 a composite number?
True
Is 2403516131 prime?
False
Is 3483917303 a composite number?
True
Is 4004057 a prime number?
True
Is 864319129 a composite number?
False
Is 33607364737 composite?
True
Is 67433781913 a composite number?
True
Is 516576023 composite?
True
Is 2985412835 composite?
True
Is 6517409891 a prime number?
False
Is 97499223637 a composite number?
False
Is 9482461379 a composite number?
False
Is 4563573557 composite?
True
Is 23851277 composite?
False
Is 91493203621 prime?
False
Is 21836406881 composite?
True
Is 9056262181 a prime number?
False
Is 36118886021 composite?
False
Is 429902687 a composite number?
False
Is 20402186561 a prime number?
True
Is 2756960071 composite?
False
Is 719447653 a composite number?
False
Is 1030822963 a composite number?
False
Is 29227807723 composite?
False
Is 18544140127 composite?
True
Is 8201899691 a prime number?
False
Is 130807588687 a prime number?
False
Is 190283298251 a prime number?
False
Is 3190283 composite?
False
Is 73177778273 a prime number?
True
Is 138875935867 prime?
True
Is 6724232329 composite?
True
Is 7319829529 a prime number?
False
Is 7584581681 prime?
False
Is 666273431 prime?
True
Is 5150273539 a composite number?
True
Is 3310703999 a prime number?
True
Is 5719914371 a prime number?
True
Is 8888125469 a composite number?
False
Is 880174709 a composite number?
False
Is 34474338971 a prime number?
True
Is 23283599333 a prime number?
False
Is 111087667 prime?
False
Is 125060950099 a prime number?
False
Is 719185651 a composite number?
False
Is 15391021 a prime number?
True
Is 206694472541 composite?
False
Is 809419409 a composite number?
True
Is 1527744707 prime?
True
Is 9011